2320
Let q(v) = 85*v - 2654. Calculate q(33).
151
Let z(u) = -u**2 + 22240*u - 644104. Determine z(29).
15
Let t(f) = 21003*f + 2205293. Calculate t(-105).
-22
Let n(m) = 2*m**2 - 425*m - 42774. Give n(287).
-11
Let b(n) = -1511*n - 8930. What is b(-7)?
1647
Let a(b) = b**3 + 5*b**2 - 4353*b - 26091. What is a(-6)?
-9
Let z(d) = -5131*d + 102658. Give z(20).
38
Let x(r) = 185*r + 23349. Calculate x(-126).
39
Let b(d) = 491*d**3 - 32896*d**2 - 37*d - 1997. Give b(67).
13
Let f(y) = -54*y + 3042. What is f(43)?
720
Let w(h) = 291389*h - 84794194. What is w(291)?
5
Let o(f) = -3*f**2 + 246*f - 1124. Calculate o(77).
31
Let i(c) = 12*c**2 - 55*c - 8. Calculate i(3).
-65
Let w(v) = 2670*v - 42900. Determine w(16).
-180
Let p(c) = 2*c**2 - 162*c + 4458. Calculate p(34).
1262
Let s(j) = -j**3 + 79*j**2 - 101*j + 1108. Calculate s(78).
-686
Let f(p) = 292*p - 11073. What is f(39)?
315
Let s(t) = t**2 - 12769*t - 371108. Determine s(-29).
34
Let b(d) = -1277*d - 6158. What is b(-5)?
227
Let g(p) = 15955*p - 1084935. What is g(68)?
5
Let m(y) = 9860*y - 88198. Calculate m(9).
542
Let y(c) = 45*c**2 - 377*c - 122. Determine y(7).
-556
Let y(i) = -5172*i - 87925. Calculate y(-17).
-1
Let f(x) = -3*x + 773. What is f(-47)?
914
Let a(w) = -10*w**2 + 99*w - 46. Give a(6).
188
Let r(s) = -2*s**3 + 944*s**2 - 13*s + 6135. Calculate r(472).
-1
Let d(t) = 335*t**2 + 802*t - 802. Calculate d(1).
335
Let b(x) = 128*x**2 - 9336*x - 568. Determine b(73).
16
Let m(o) = -o**3 - 340*o**2 + 105*o + 35706. What is m(-340)?
6
Let m(z) = 207*z - 32144. Give m(163).
1597
Let t(s) = 18*s**3 - 163*s**2 - 1629*s - 14. Determine t(-6).
4
Let n(i) = 13*i**3 - 7595*i**2 + 1755*i - 1824. Give n(584).
-72
Let m(j) = 7142*j + 64330. Calculate m(-9).
52
Let n(p) = 433*p + 2435. What is n(-16)?
-4493
Let j(k) = 485*k - 7206. Determine j(16).
554
Let v(i) = 2*i**3 + 76*i**2 - 6005*i - 37. Calculate v(39).
2
Let f(n) = -8*n**3 - 5*n**2 - 195*n - 652. What is f(-3)?
104
Let w(r) = -4169*r + 767092. Give w(184).
-4
Let z(w) = 3*w**3 + 10*w**2 - 6441*w - 32238. Give z(-5).
-158
Let z(v) = -42*v**3 + 6*v**2 - 26*v + 18. Calculate z(1).
-44
Let x(k) = 1879*k - 163486. Calculate x(87).
-13
Let m(k) = 1304582*k - 23482482. Calculate m(18).
-6
Let y(l) = -l**3 + 1117*l + 3340. Give y(-3).
16
Let h(f) = -17*f**2 - 6875*f + 48956. Calculate h(7).
-2
Let s(v) = 4*v**2 - 26*v - 8860. Determine s(42).
-2896
Let j(h) = -h**2 + 264*h + 1903. Give j(271).
6
Let b(f) = 27214*f + 54513. What is b(-2)?
85
Let p(h) = -7313*h + 102361. What is p(14)?
-21
Let w(i) = 6*i**3 - 11*i**2 - 2674*i - 19. Calculate w(22).
-283
Let n(g) = -419*g**2 + 1975*g + 3. Determine n(5).
-597
Let s(q) = q**2 - 282*q - 88377. Calculate s(470).
-17
Let j(n) = -10*n**3 + 31*n**2 + 4643*n + 13380. Give j(-3).
0
Let o(a) = 5668*a**2 - 532791*a - 118. What is o(94)?
-24
Let z(m) = 41032*m + 246203. Calculate z(-6).
11
Let m(n) = 76*n**3 + 1745*n**2 - 195*n - 2908. What is m(-23)?
-10
Let c(n) = -1408*n - 668940. Determine c(-475).
-140
Let r(q) = -1682*q + 267444. Calculate r(159).
6
Let o(u) = u**2 + 59*u - 5136. Determine o(-106).
-154
Let n(m) = -5*m**2 - 71*m + 1096. Give n(21).
-2600
Let x(k) = -k**3 - 77*k**2 + 412*k + 304. Determine x(-82).
140
Let w(x) = 25*x**2 + 168*x - 835. What is w(5)?
630
Let d(z) = z**3 + 53*z**2 + 418*z - 54. Give d(-42).
1794
Let z(h) = -184988*h + 51796642. Calculate z(280).
2
Let n(r) = r**3 + 38*r**2 + 120*r + 504. Calculate n(-35).
-21
Let u(z) = z**3 - 493*z**2 + 5771*z + 389. Determine u(481).
-92
Let c(a) = 430*a**2 + 11639*a + 845. Give c(-27).
62
Let s(a) = a**3 + 70*a**2 - 394*a - 31980. Give s(-69).
-33
Let t(n) = 206*n**2 - 17051*n - 3836. What is t(83)?
65
Let a(c) = -c**2 - 3160*c - 1514318. Calculate a(-589).
1
Let t(z) = -119*z - 1819. Give t(-15).
-34
Let c(s) = s**3 + 64*s**2 + 106*s + 6751. Determine c(-64).
-33
Let a(u) = 545*u - 3468. Give a(7).
347
Let u(p) = 16670*p + 166707. What is u(-10)?
7
Let f(z) = 88104*z - 176541. Calculate f(2).
-333
Let w(d) = -3618*d + 120199. Calculate w(33).
805
Let r(t) = 1490099*t - 2980200. What is r(2)?
-2
Let j(m) = m**3 - 5*m**2 - 6*m - 66. Determine j(-9).
-1146
Let w(q) = 9*q**3 - 36*q**2 - 51*q + 141. Determine w(4).
-63
Let j(k) = -6*k**3 - 28*k**2 + 366*k + 1752. What is j(-5)?
-28
Let d(k) = k**3 - 121*k**2 + 220*k + 1649. Determine d(119).
-493
Let b(x) = 54*x**2 - 162*x + 14. What is b(2)?
-94
Let n(s) = -2*s**3 + 80*s**2 - 246*s + 889. Determine n(37).
1
Let k(g) = g**3 + 35*g**2 - 448*g - 2172. What is k(13)?
116
Let v(u) = -440*u - 7102. What is v(-16)?
-62
Let y(v) = -v**2 + 13*v + 367. Calculate y(-11).
103
Let y(o) = -2*o**3 - 62*o**2 + 52*o + 2495. Calculate y(-31).
883
Let d(m) = m**3 + 19*m**2 - 51*m - 337. What is d(-22)?
-667
Let c(h) = 8*h**3 - 151*h**2 - 18*h + 15. Determine c(19).
34
Let i(t) = -9*t**2 + 637*t + 17041. Calculate i(-22).
-1329
Let d(r) = -450*r - 1647. Give d(-4).
153
Let a(q) = 17077*q + 17068. Give a(-1).
-9
Let t(s) = 2*s**2 - 2146*s + 420553. What is t(258)?
13
Let o(l) = 21*l + 4380. Calculate o(-205).
75
Let d(t) = -96217*t - 481077. Give d(-5).
8
Let o(t) = -16*t**2 + 147529*t + 147538. Determine o(-1).
-7
Let r(f) = -f**3 + 10*f**2 - 17*f + 118. Determine r(8).
110
Let k(f) = -8*f**3 + 195*f**2 - 181*f - 15. Determine k(1).
-9
Let k(t) = -t**3 - 4626*t**2 + 985318*t + 409. Determine k(204).
1
Let u(g) = g**2 + 59273*g + 11696860. What is u(-198)?
10
Let y(n) = -3817*n + 152679. What is y(40)?
-1
Let u(c) = -c**3 - 88*c**2 + 371*c + 433. Calculate u(-92).
157
Let d(t) = -t**3 + 43*t**2 + 24*t - 2886. What is d(42)?
-114
Let b(t) = 26768*t + 26846. What is b(-1)?
78
Let s(v) = -638*v + 10139. What is s(17)?
-707
Let l(j) = -4*j**3 - 744*j**2 - 14991*j + 33. Determine l(-23).
-82
Let b(i) = 105*i + 16795. Calculate b(-167).
-740
Let u(p) = p**2 + 106*p + 104. Calculate u(-99).
-589
Let c(f) = -26*f**3 + 1254*f**2 + 2323*f - 1237. Give c(50).
-87
Let g(t) = 327*t**2 + 63*t + 59. Calculate g(-1).
323
Let p(f) = 656*f + 23619. Calculate p(-36).
3
Let n(y) = 2*y**3 - 554*y**2 - 16*y + 4432. Give n(277).
0
Let m(j) = -12*j**2 - 109*j + 577. Calculate m(17).
-4744
Let r(o) = -20*o**2 - 282*o + 1053. What is r(-17)?
67
Let b(a) = -9*a**3 + 39*a**2 + 43*a + 130. Give b(-3).
595
Let g(u) = 53064*u - 2865458. Give g(54).
-2
Let p(g) = -g**3 + 228*g**2 + 14563*g + 181. Give p(-52).
25
Let h(x) = -3851*x - 790. Calculate h(0).
-790
Let f(d) = 9*d**2 - 30*d - 9. Calculate f(9).
450
Let u(h) = 7*h**3 + 422*h**2 + 237*h + 6987. Calculate u(-60).
-33
Let t(i) = 9973*i + 1555625. Determine t(-156).
-163
Let j(x) = 32*x**3 + 12*x**2 + 48*x + 35. What is j(-1)?
-33
Let r(y) = 86410*y**2 - 86351*y - 50. Calculate r(1).
9
Let t(k) = -2*k**3 - 225*k**2 - 6209*k - 85. Calculate t(-64).
-21
Let p(h) = 1639*h + 319546. Determine p(-195).
-59
Let z(m) = 4*m**3 - 22*m**2 - 260*m + 767. Calculate z(3).
-103
Let t(l) = l**3 + 36*l**2 - 193*l + 147. Calculate t(5).
207
Let n(d) = 126*d - 9111. What is n(95)?
2859
Let m(c) = -899*c - 2334. Determine m(-9).
5757
Let g(u) = -19*u**3 + 189*u**2 - 181*u + 1901. Determine g(10).
-9
Let n(p) = p**3 + 20*p**2 - 472*p - 9330. Calculate n(-23).
-61
Let y(b) = -b**3 + 1242*b**2 - 8671*b - 20. Give y(7).
-202
Let w(v) = 14*v**2 + 685*v - 11. What is w(-49)?
38
Let g(w) = w**3 + 9*w**2 - 6*w + 217. Give g(-11).
41
Let i(s) = -13*s**3 - 2287*s**2 + 179*s + 703. Determine i(-176).
175
Let y(u) = -14*u**2 + 1387*u - 15662. Determine y(86).
76
Let i(w) = -4344*w - 834079. What is i(-192)?
-31
Let w(v) = 46*v**3 - 19*v**2 + 98*v - 289. Give w(3).
1076
Let s(v) = -2708*v - 89316. Give s(-33).
48
Let k(c) = 9851*c - 1526819. Calculate k(155).
86
Let n(d) = -d**2 + 6910*d + 814996. Give n(-116).
-20
Let t(i) = 3*i**3 - 9*i**2 + 192*i - 816. Give t(6).
660
Let p(f) = -20*f**3 - 1902*f**2 - 189*f + 696. Give p(-95).
601
Let z(v) = v**3 + 148*v**2 + 1370*v - 412. Calculate z(-138).
968
Let s(q) = -q**3 - 12*q**2 + 2438*q + 22186. Determine s(-9).
1
Let x(q) = -6*q**3 - 493*q**2 + 924*q + 21. What is x(-84)?
21
Let s(x) = -x**2 - 22*x + 575. Give s(-28).
407
Let y(k) = k**3 + 55*k**2 - 96*k - 10476. Give y(-53).
230
Let l(q) = 2*q**2 + 45*q + 426. What is l(-10)?
176
Let s(q) = 1846*q + 107115. Wha